 (-12)/(-15). Suppose x = 4*n + 11*m - 15*m, -5*n + 3895 = -2*m. Calculate the greatest common divisor of n and 11.
11
Let g(c) = 45*c - 7. Let i be g(3). Let t = -103 - -83. Let q be (96/15)/((-8)/t). What is the greatest common factor of q and i?
16
Let p be (-43)/(1 + 7 - (-9 + 4255/250)). What is the highest common divisor of 450 and p?
50
Suppose -54*y + 67864 + 9960 = 10*y. Calculate the highest common factor of y and 19.
19
Suppose 50*p = 48*p - w + 424, 3*p - 642 = -3*w. Calculate the highest common factor of p and 255.
15
Suppose -3*h - 656 = -7*h - 3*f, -3*f = 2*h - 334. Let r = -93 + h. What is the highest common factor of r and 4?
4
Suppose -4*g - 310 = 2*p, g = -12*p + 8*p - 88. Let x = -58 - g. What is the highest common factor of 72 and x?
18
Suppose 6*i = -74 + 314. Let b be (-1)/((-2)/30*i/336). Let l be ((-1)/((-30)/b))/((-1)/(-10)). Calculate the highest common divisor of 63 and l.
21
Let h(y) = 400*y**2 - 1. Let r be h(-1). Let s = -282 + r. What is the greatest common factor of s and 9?
9
Let m be (1 + 5)*1/(-2) - -28. Let f(i) = -i**2 + 33*i + 61. Let r be f(m). Calculate the greatest common factor of r and 9.
9
Suppose 9*n - 180 - 413 = -98. What is the greatest common divisor of 310 and n?
5
Let j be 4*(-21)/(-252) - (-238)/6. What is the greatest common factor of j and 470?
10
Suppose -3*p + 5*p + 592 = 5*a, -5*a + 608 = 2*p. Let r(s) = -15*s + 933. Let y be r(51). What is the greatest common divisor of a and y?
24
Suppose -11095 = -7*v - 11039. What is the highest common factor of 12968 and v?
8
Let l(v) be the third derivative of 203*v**4/24 + 4*v**3/3 + 44*v**2. Let q be l(2). Calculate the highest common factor of 46 and q.
46
Let h = 128 - -83. Let n = h + 221. Calculate the highest common divisor of n and 27.
27
Let r = -26 + 29. Suppose 0 = n - r*i - 107 + 8, 0 = 3*i - 6. What is the highest common divisor of 15 and n?
15
Suppose 237*i - 309*i + 23616 = 0. What is the greatest common factor of i and 312?
8
Let k(c) = 37*c**3 - 45*c**3 - 14*c + 5*c**3 + 16*c**2 + 2*c**3 - 10. Let m = 34 + -19. Let d be k(m). What is the highest common divisor of 10 and d?
5
Let j(g) = 5*g - 46. Let b be j(11). Suppose -b*r + 12*r - 336 = 0. Calculate the greatest common factor of 16 and r.
16
Let l = -4388 + 4392. What is the highest common factor of l and 914?
2
Suppose 165*x + y = 162*x + 85, -3*x = 4*y - 79. What is the greatest common divisor of x and 13?
1
Let w(h) = h**2 - 14*h - 51. Let t be w(-24). Let q = -673 + t. Calculate the highest common factor of 2 and q.
2
Let d(i) = i**2 + 14*i + 51. Let s be 3/(0 + (-7)/14). Let z be d(s). Calculate the greatest common divisor of z and 123.
3
Suppose 2*n = -5*j + 27, 774*j + 36 = 770*j. What is the highest common factor of 1884 and n?
12
Let j be (-2 + 2 + -62)*1. Suppose -5*l - 25 = 0, -3*c - c - 115 = -5*l. Let x = c - j. Calculate the highest common divisor of x and 3.
3
Let x(g) = 13*g**2 + 37*g - 85. Let r be x(5). What is the highest common factor of 50 and r?
25
Suppose 26*p - 10336 = 34*p - 76*p. What is the highest common factor of 361 and p?
19
Suppose 0 = 9484*s - 9496*s + 312. Calculate the greatest common factor of 364 and s.
26
Let l(c) = -10*c**2 - 53*c - 128. Let z(k) = -3*k**2 - 18*k - 43. Let o(f) = -2*l(f) + 7*z(f). Let p be o(-11). What is the greatest common factor of 81 and p?
27
Suppose -1666*p = -1738*p + 47808. What is the greatest common factor of 1577 and p?
83
Suppose 2*k - 1 = n, -3*n = 5*k - 2 - 17. Let y be (43/2)/(n/30). What is the highest common factor of 43 and y?
43
Let p = 21819 + -21750. Calculate the greatest common factor of 1840 and p.
23
Let w = 10363 - 10145. What is the highest common divisor of 2071 and w?
109
Suppose -36*k + 5577 = -651. Let g = k - 163. Calculate the greatest common divisor of g and 34.
2
Let c be (10 + -7)/(1 + 1470/(-1472)). Suppose -2106 + c = o. Calculate the greatest common factor of 255 and o.
51
Suppose -3*p - 1396 = -2*m, 5*m = 4*m + 3*p + 689. Calculate the greatest common divisor of 49 and m.
7
Let p be 58/(-203) - 1390/(-14). Let b = 112 - p. Calculate the highest common divisor of b and 247.
13
Suppose -131*q = 4*o - 130*q - 5886, 4*o - 5904 = -4*q. Calculate the highest common factor of o and 180.
30
Suppose -o + 83 = 2*f, 64*f - 68*f - 3*o + 159 = 0. Calculate the highest common factor of f and 2415.
15
Let q be 2 + (-24)/(-6) - (0/(-6) + 2). What is the greatest common factor of 1436 and q?
4
Let j(h) = -3603*h - 4273. Let l be j(-6). What is the greatest common divisor of l and 5?
5
Suppose 675*f + 33 = 676*f. Calculate the highest common divisor of f and 999.
3
Suppose 7*p - 7 = 21. Let u be -2*(-2 + p - -3). Let q be (-2 - u)*(-38)/(-8). What is the highest common factor of q and 114?
38
Let j be 2 - ((-56)/(-20) + -3)/((-69)/(-14145)). Suppose 5*k = 4*r - 187, 0 = k + 1 + 2. What is the highest common divisor of r and j?
43
Suppose 5*n + 80 = 3*t, -5*t + 218*n - 214*n = -103. Let a = -43 - -68. Calculate the greatest common factor of t and a.
5
Suppose 0*i = -3*g - i + 4, 4*g + i = 7. Suppose g*s - 3 = 12. Suppose -b - s*k = -27, b + 3*k - 2 = 25. Calculate the greatest common divisor of b and 3.
3
Let i = 15 + -6. Suppose -f = 5*n - 15, 9*f - 10*f = 0. Suppose 7*g - 5*g - 317 = -5*w, -n*g + 2*w + 523 = 0. Calculate the greatest common factor of i and g.
9
Suppose 24*a = -13564 + 57425 + 16955. What is the greatest common factor of a and 8326?
362
Let v(w) = -w**2 + 225*w - 658. Let d be v(3). Calculate the highest common factor of d and 1076.
4
Let q be 5*(-69)/(-45)*3 + -4. Let o(w) = -13*w**3 - 11*w**3 + 25 + 20*w**2 + 23*w**3 - 19*w. Let l be o(q). What is the highest common divisor of l and 100?
25
Let j = 24409 + -22937. What is the highest common factor of 20 and j?
4
Let a = 23 + -23. Suppose c = -4*f + 6, -3*f - 2*c + 2 = -a*c. Calculate the highest common divisor of 4 and f.
2
Suppose -4*d - 573 + 1473 = 0. Suppose 37*g = -46*g - 30*g + 1017. Calculate the greatest common factor of d and g.
9
Suppose 4*b + b - 305 = 0. Let j(f) = 249*f**2 + 126*f + 232. Let n be j(-2). Calculate the greatest common factor of b and n.
61
Suppose -1294 - 708 = -19*t + 7688. What is the highest common factor of t and 960?
30
Let r = -56 + 40. Let n(u) = u**2 + u + 21. Let z be n(r). What is the greatest common divisor of z and 29?
29
Let u(p) = -37*p + 3. Let l be u(-2). Suppose -2*v = -v - 5*a - 1, 4*v - 5*a = 34. Calculate the highest common factor of l and v.
11
Let l be (-11920)/(-540) - (-2)/(-27). Suppose 0 = 2*n + 5*u + 6, 3*n - 16 = -0*u + 5*u. What is the highest common factor of l and n?
2
Suppose -219 = -5*f - n, 19*f - 23*f = n - 176. Calculate the highest common divisor of 2537 and f.
43
Let j = 5096 - 1577. What is the highest common divisor of j and 621?
207
Let z(p) = -p**3 - 8*p**2 - 8*p - 2. Let k be z(-7). Let n = -3328 - -3648. Calculate the greatest common divisor of k and n.
5
Let f = 6277 - 5731. Calculate the greatest common divisor of 702 and f.
78
Let n be 1 + -2 + 8 + -3. Let l be (2 - 56)*(-6)/n. Suppose 3*g + 45 = 5*y, 103 = 3*y + g + 76. What is the greatest common factor of y and l?
9
Let n(o) be the second derivative of o**5/20 + 5*o**4/6 + 4*o**3/3 - 4*o**2 + 13*o - 1. Let v be n(-9). Calculate the highest common divisor of 1 and v.
1
Suppose o - 24 + 63 = 0. Let a = 71 + o. Let k = -217 + 233. Calculate the highest common factor of a and k.
16
Suppose 247 = -84*t + 87*t - 4*u, -4*t + 312 = -u. Calculate the greatest common factor of 1771 and t.
77
Let m be 852/33 + (-12)/(-66). Calculate the highest common factor of m and 182.
26
Let c(b) = -b**3 - 10*b**2 + 30*b - 136. Let n be c(-17). Calculate the greatest common factor of 119 and n.
17
Suppose 24 = 4*g + 3*h, -6*g + g + 5*h + 65 = 0. Let s = 168 - 138. What is the highest common factor of s and g?
3
Suppose 2*q - 12 = -5*t - 84, 4*t - 144 = 4*q. Let m be (-6)/27 - (1 + 584/q). Let a be (6/m)/((-1)/(-90)*3). What is the highest common divisor of 12 and a?
12
Suppose -3*j + 1491 = 4*j. Suppose 4*i = -r + 2*r + j, 3*i - 4*r = 176. What is the greatest common divisor of i and 364?
52
Let c = 6 - -3. Suppose -178*m = -188*m - 910. Let u be (-14)/m - (-5255)/65. Calculate the highest common factor of c and u.
9
Suppose 